{"id":186,"date":"2026-02-15T13:48:28","date_gmt":"2026-02-15T12:48:28","guid":{"rendered":"http:\/\/petrindufort.fr\/?page_id=186"},"modified":"2026-02-15T13:53:17","modified_gmt":"2026-02-15T12:53:17","slug":"mentions-legales","status":"publish","type":"page","link":"http:\/\/petrindufort.fr\/index.php\/mentions-legales\/","title":{"rendered":"Mentions l\u00e9gales"},"content":{"rendered":"\t\t<div data-elementor-type=\"wp-page\" data-elementor-id=\"186\" class=\"elementor elementor-186\">\n\t\t\t\t<div class=\"elementor-element elementor-element-6c6923c e-flex e-con-boxed e-con e-parent\" data-id=\"6c6923c\" data-element_type=\"container\">\n\t\t\t\t\t<div class=\"e-con-inner\">\n\t\t\t\t<div class=\"elementor-element elementor-element-f9aba2a elementor-widget elementor-widget-button\" data-id=\"f9aba2a\" data-element_type=\"widget\" data-widget_type=\"button.default\">\n\t\t\t\t\t\t\t\t\t\t<a class=\"elementor-button elementor-button-link elementor-size-sm\" href=\"http:\/\/petrindufort.fr\/\">\n\t\t\t\t\t\t<span class=\"elementor-button-content-wrapper\">\n\t\t\t\t\t\t<span class=\"elementor-button-icon\">\n\t\t\t\t<svg aria-hidden=\"true\" class=\"e-font-icon-svg e-fas-angle-left\" viewBox=\"0 0 256 512\" xmlns=\"http:\/\/www.w3.org\/2000\/svg\"><path d=\"M31.7 239l136-136c9.4-9.4 24.6-9.4 33.9 0l22.6 22.6c9.4 9.4 9.4 24.6 0 33.9L127.9 256l96.4 96.4c9.4 9.4 9.4 24.6 0 33.9L201.7 409c-9.4 9.4-24.6 9.4-33.9 0l-136-136c-9.5-9.4-9.5-24.6-.1-34z\"><\/path><\/svg>\t\t\t<\/span>\n\t\t\t\t\t\t\t\t\t<span class=\"elementor-button-text\">Retourner au site<\/span>\n\t\t\t\t\t<\/span>\n\t\t\t\t\t<\/a>\n\t\t\t\t\t\t\t\t<\/div>\n\t\t\t\t<div class=\"elementor-element elementor-element-5ac13fe elementor-widget elementor-widget-heading\" data-id=\"5ac13fe\" data-element_type=\"widget\" data-widget_type=\"heading.default\">\n\t\t\t\t\t<h2 class=\"elementor-heading-title elementor-size-default\">Mentions l\u00e9gales<\/h2>\t\t\t\t<\/div>\n\t\t\t\t<div class=\"elementor-element elementor-element-4f1971a elementor-widget elementor-widget-heading\" data-id=\"4f1971a\" data-element_type=\"widget\" data-widget_type=\"heading.default\">\n\t\t\t\t\t<h2 class=\"elementor-heading-title elementor-size-default\">Mentions l\u00e9gales\n\n<br><br>1. \u00c9diteur du site\n\n<br><br>Le pr\u00e9sent site est \u00e9dit\u00e9 par la soci\u00e9t\u00e9 AU P\u00c9TRIN DES BRUY\u00c8RES, soci\u00e9t\u00e9 par actions simplifi\u00e9e (SAS), immatricul\u00e9e au Registre du Commerce et des Soci\u00e9t\u00e9s de Cr\u00e9teil sous le num\u00e9ro 803 860 196.\n\n<br><br>Si\u00e8ge social :\nPlace Sainte Bernadette, 94370 Sucy-en-Brie, France\n\n<br><br>Num\u00e9ro SIRET : 803 860 196 00028\nNum\u00e9ro de TVA intracommunautaire : FR65 803860196\n\n<br><br>Responsable de la publication : le repr\u00e9sentant l\u00e9gal de la soci\u00e9t\u00e9.\n\n<br><br>\u2e3b\n\n<br><br>2. Contact\n\n<br><br>Pour toute question ou information, vous pouvez nous contacter :\n\ud83d\udcde T\u00e9l\u00e9phone : +33 6 85 50 40 40\n\n<br><br>\u2e3b\n\n<br><br>3. H\u00e9bergement\n\n<br><br>Le site est h\u00e9berg\u00e9 par :\nOVH\n2 rue Kellermann, 59100 Roubaix \u2013 France\nSite web : www.ovh.com\n\n<br><br>\u2e3b\n\n<br><br>4. Propri\u00e9t\u00e9 intellectuelle\n\n<br><br>L\u2019ensemble des contenus pr\u00e9sents sur ce site (textes, images, photographies, logos, graphismes, vid\u00e9os) est la propri\u00e9t\u00e9 exclusive de AU P\u00c9TRIN DES BRUY\u00c8RES, sauf mention contraire.\n\n<br><br>Toute reproduction, repr\u00e9sentation, modification ou diffusion, totale ou partielle, sans autorisation pr\u00e9alable, est strictement interdite.\n\n<br><br>\u2e3b\n\n<br><br>5. Donn\u00e9es personnelles\n\n<br><br>Le site ne collecte aucune donn\u00e9e personnelle.\nAucun formulaire, syst\u00e8me de suivi ou outil de mesure d\u2019audience n\u2019est utilis\u00e9.\n\n<br><br>\u2e3b\n\n<br><br>6. Cookies\n\n<br><br>Ce site n\u2019utilise aucun cookie de suivi ou de mesure d\u2019audience.\nSeuls des cookies techniques strictement n\u00e9cessaires au bon fonctionnement du site peuvent \u00eatre utilis\u00e9s par l\u2019h\u00e9bergeur.\n\n<br><br>\u2e3b\n\n<br><br>7. Loi applicable\n\n<br>Les pr\u00e9sentes mentions l\u00e9gales sont soumises au droit fran\u00e7ais.\nEn cas de litige, les tribunaux fran\u00e7ais seront seuls comp\u00e9tents.\n<\/h2>\t\t\t\t<\/div>\n\t\t\t\t\t<\/div>\n\t\t\t\t<\/div>\n\t\t\t\t<\/div>\n\t\t","protected":false},"excerpt":{"rendered":"<p>Retourner au site Mentions l\u00e9gales Mentions l\u00e9gales 1. \u00c9diteur du site Le pr\u00e9sent site est \u00e9dit\u00e9 par la soci\u00e9t\u00e9 AU P\u00c9TRIN DES BRUY\u00c8RES, soci\u00e9t\u00e9 par actions simplifi\u00e9e (SAS), immatricul\u00e9e au Registre du Commerce et des Soci\u00e9t\u00e9s de Cr\u00e9teil sous le num\u00e9ro 803 860 196. Si\u00e8ge social : Place Sainte Bernadette, 94370 Sucy-en-Brie, France Num\u00e9ro SIRET [&hellip;]<\/p>\n","protected":false},"author":1,"featured_media":0,"parent":0,"menu_order":0,"comment_status":"closed","ping_status":"closed","template":"","meta":{"footnotes":""},"class_list":["post-186","page","type-page","status-publish","hentry"],"_links":{"self":[{"href":"http:\/\/petrindufort.fr\/index.php\/wp-json\/wp\/v2\/pages\/186","targetHints":{"allow":["GET"]}}],"collection":[{"href":"http:\/\/petrindufort.fr\/index.php\/wp-json\/wp\/v2\/pages"}],"about":[{"href":"http:\/\/petrindufort.fr\/index.php\/wp-json\/wp\/v2\/types\/page"}],"author":[{"embeddable":true,"href":"http:\/\/petrindufort.fr\/index.php\/wp-json\/wp\/v2\/users\/1"}],"replies":[{"embeddable":true,"href":"http:\/\/petrindufort.fr\/index.php\/wp-json\/wp\/v2\/comments?post=186"}],"version-history":[{"count":4,"href":"http:\/\/petrindufort.fr\/index.php\/wp-json\/wp\/v2\/pages\/186\/revisions"}],"predecessor-version":[{"id":190,"href":"http:\/\/petrindufort.fr\/index.php\/wp-json\/wp\/v2\/pages\/186\/revisions\/190"}],"wp:attachment":[{"href":"http:\/\/petrindufort.fr\/index.php\/wp-json\/wp\/v2\/media?parent=186"}],"curies":[{"name":"wp","href":"https:\/\/api.w.org\/{rel}","templated":true}]}}